{"id":119,"date":"2024-04-03T11:50:05","date_gmt":"2024-04-03T11:50:05","guid":{"rendered":"https:\/\/www.janosiagnes.com\/?page_id=119"},"modified":"2026-02-16T21:39:42","modified_gmt":"2026-02-16T21:39:42","slug":"education","status":"publish","type":"page","link":"https:\/\/www.janosiagnes.com\/index.php\/education\/","title":{"rendered":"Education"},"content":{"rendered":"\t\t<div data-elementor-type=\"wp-page\" data-elementor-id=\"119\" class=\"elementor elementor-119\" data-elementor-post-type=\"page\">\n\t\t\t\t\t\t<section class=\"elementor-section elementor-top-section elementor-element elementor-element-3871c2c elementor-section-boxed elementor-section-height-default elementor-section-height-default\" data-id=\"3871c2c\" data-element_type=\"section\" data-e-type=\"section\">\n\t\t\t\t\t\t<div class=\"elementor-container elementor-column-gap-default\">\n\t\t\t\t\t<div class=\"elementor-column elementor-col-100 elementor-top-column elementor-element elementor-element-718decb\" data-id=\"718decb\" data-element_type=\"column\" data-e-type=\"column\">\n\t\t\t<div class=\"elementor-widget-wrap elementor-element-populated\">\n\t\t\t\t\t\t<div class=\"elementor-element elementor-element-c4f5fcb elementor-widget elementor-widget-spacer\" data-id=\"c4f5fcb\" data-element_type=\"widget\" data-e-type=\"widget\" data-widget_type=\"spacer.default\">\n\t\t\t\t<div class=\"elementor-widget-container\">\n\t\t\t\t\t\t\t<div class=\"elementor-spacer\">\n\t\t\t<div class=\"elementor-spacer-inner\"><\/div>\n\t\t<\/div>\n\t\t\t\t\t\t<\/div>\n\t\t\t\t<\/div>\n\t\t\t\t\t<\/div>\n\t\t<\/div>\n\t\t\t\t\t<\/div>\n\t\t<\/section>\n\t\t\t\t<section class=\"elementor-section elementor-top-section elementor-element elementor-element-2926344 elementor-section-boxed elementor-section-height-default elementor-section-height-default\" data-id=\"2926344\" data-element_type=\"section\" data-e-type=\"section\">\n\t\t\t\t\t\t<div class=\"elementor-container elementor-column-gap-default\">\n\t\t\t\t\t<div class=\"elementor-column elementor-col-50 elementor-top-column elementor-element elementor-element-b4e256b\" data-id=\"b4e256b\" data-element_type=\"column\" data-e-type=\"column\">\n\t\t\t<div class=\"elementor-widget-wrap elementor-element-populated\">\n\t\t\t\t\t\t<div class=\"elementor-element elementor-element-1eb24b0 elementor-widget elementor-widget-text-editor\" data-id=\"1eb24b0\" data-element_type=\"widget\" data-e-type=\"widget\" data-widget_type=\"text-editor.default\">\n\t\t\t\t<div class=\"elementor-widget-container\">\n\t\t\t\t\t\t\t\t\t<p>A workshopok \u00e9s id\u0151szakos m\u0171helymunk\u00e1k szervez\u00e9se, az \u00f6lt\u00f6z\u00e9kek megtervez\u00e9se, megfest\u00e9se \u00e9s elk\u00e9sz\u00edt\u00e9se, valamint a koncepci\u00f3k fel\u00e9p\u00edt\u00e9se, dokument\u00e1l\u00e1sa (fot\u00f3z\u00e1s, vide\u00f3z\u00e1s) \u00e9s bemutat\u00e1sa mellett \u00e9letemnek \u00e9s m\u0171v\u00e9szi hivat\u00e1somnak egy kiemelten fontos r\u00e9sze a tan\u00edt\u00e1s.<\/p><p>A Sepsiszentgy\u00f6rgyi M\u0171v\u00e9szeti \u00e9s N\u00e9piskola keret\u00e9ben imm\u00e1r hetedik \u00e9ve foglalkozom feln\u0151ttk\u00e9pz\u00e9ssel, ahol szab\u00e1s\u2013varr\u00e1s, tervez\u00e9s \u00e9s kreat\u00edv textilm\u0171helyeket vezetek.<\/p><p><br \/>\ud83d\udc49 A szab\u00e1s\u2013varr\u00e1s k\u00e9pz\u00e9sr\u0151l b\u0151vebben itt olvashatsz:<br \/>https:\/\/artecovasna.ro\/project\/szabas-varras-kepzes\/<\/p><p>Emellett k\u00fcl\u00f6nb\u00f6z\u0151 iskolai int\u00e9zm\u00e9nyekben is tartok oktat\u00e1st, els\u0151sorban kreat\u00edv m\u0171helymunk\u00e1k form\u00e1j\u00e1ban.<\/p><p>A tan\u00edt\u00e1s sz\u00e1momra nem csup\u00e1n tud\u00e1s\u00e1tad\u00e1s, hanem k\u00f6z\u00f6s alkot\u00e1si folyamat, ahol a k\u00e9zm\u0171ves technik\u00e1k, az anyagismeret \u00e9s az egy\u00e9ni kifejez\u00e9s \u00f6sszekapcsol\u00f3dik. Hiszem, hogy az alkot\u00e1s tanulhat\u00f3 \u00e9s tov\u00e1bbadhat\u00f3 \u00e9l\u0151 tud\u00e1s, amely k\u00f6z\u00f6ss\u00e9get teremt \u00e9s meger\u0151s\u00edti az alkot\u00f3 \u00f6nazonoss\u00e1g\u00e1t.<\/p>\t\t\t\t\t\t\t\t<\/div>\n\t\t\t\t<\/div>\n\t\t\t\t\t<\/div>\n\t\t<\/div>\n\t\t\t\t<div class=\"elementor-column elementor-col-50 elementor-top-column elementor-element elementor-element-484a63c\" data-id=\"484a63c\" data-element_type=\"column\" data-e-type=\"column\">\n\t\t\t<div class=\"elementor-widget-wrap elementor-element-populated\">\n\t\t\t\t\t\t<div class=\"elementor-element elementor-element-13d6288 elementor-widget elementor-widget-text-editor\" data-id=\"13d6288\" data-element_type=\"widget\" data-e-type=\"widget\" data-widget_type=\"text-editor.default\">\n\t\t\t\t<div class=\"elementor-widget-container\">\n\t\t\t\t\t\t\t\t\t<p>Education<\/p><p>Teaching is an essential part of my artistic practice. For the past seven years, I have been involved in adult education through the Sepsiszentgy\u00f6rgy Art and Folk School, leading courses in pattern cutting, sewing, design, and creative textile workshops.<br \/>More information about the tailoring and sewing course can be found here:<\/p><p><br \/>https:\/\/artecovasna.ro\/project\/szabas-varras-kepzes\/<\/p><p>Alongside adult education, I also teach in various educational institutions through hands-on creative workshops. My approach to teaching emphasizes material awareness, craftsmanship, and individual expression as a shared creative process.<\/p>\t\t\t\t\t\t\t\t<\/div>\n\t\t\t\t<\/div>\n\t\t\t\t\t<\/div>\n\t\t<\/div>\n\t\t\t\t\t<\/div>\n\t\t<\/section>\n\t\t\t\t<\/div>\n\t\t","protected":false},"excerpt":{"rendered":"<p>A workshopok \u00e9s id\u0151szakos m\u0171helymunk\u00e1k szervez\u00e9se, az \u00f6lt\u00f6z\u00e9kek megtervez\u00e9se, megfest\u00e9se \u00e9s elk\u00e9sz\u00edt\u00e9se, valamint a koncepci\u00f3k fel\u00e9p\u00edt\u00e9se, dokument\u00e1l\u00e1sa (fot\u00f3z\u00e1s, vide\u00f3z\u00e1s) \u00e9s bemutat\u00e1sa mellett \u00e9letemnek \u00e9s m\u0171v\u00e9szi hivat\u00e1somnak egy kiemelten fontos r\u00e9sze [&hellip;]<\/p>\n","protected":false},"author":1,"featured_media":0,"parent":0,"menu_order":0,"comment_status":"closed","ping_status":"closed","template":"elementor_header_footer","meta":{"footnotes":""},"class_list":["post-119","page","type-page","status-publish","hentry"],"_links":{"self":[{"href":"https:\/\/www.janosiagnes.com\/index.php\/wp-json\/wp\/v2\/pages\/119","targetHints":{"allow":["GET"]}}],"collection":[{"href":"https:\/\/www.janosiagnes.com\/index.php\/wp-json\/wp\/v2\/pages"}],"about":[{"href":"https:\/\/www.janosiagnes.com\/index.php\/wp-json\/wp\/v2\/types\/page"}],"author":[{"embeddable":true,"href":"https:\/\/www.janosiagnes.com\/index.php\/wp-json\/wp\/v2\/users\/1"}],"replies":[{"embeddable":true,"href":"https:\/\/www.janosiagnes.com\/index.php\/wp-json\/wp\/v2\/comments?post=119"}],"version-history":[{"count":4,"href":"https:\/\/www.janosiagnes.com\/index.php\/wp-json\/wp\/v2\/pages\/119\/revisions"}],"predecessor-version":[{"id":2064,"href":"https:\/\/www.janosiagnes.com\/index.php\/wp-json\/wp\/v2\/pages\/119\/revisions\/2064"}],"wp:attachment":[{"href":"https:\/\/www.janosiagnes.com\/index.php\/wp-json\/wp\/v2\/media?parent=119"}],"curies":[{"name":"wp","href":"https:\/\/api.w.org\/{rel}","templated":true}]}}